84. Determine m(20).
36
Let v(j) = 3*j**2 + 84*j + 93. What is v(-27)?
12
Let z(m) = -110*m + 1758. What is z(11)?
548
Let d(v) = 2*v**2 - 9*v - 32. Give d(6).
-14
Let x(m) = m**2 + 41*m + 102. Determine x(-39).
24
Let u(c) = -c**2 + 187*c - 6292. Determine u(143).
0
Let y(l) = -l**3 + 10*l**2 + 65*l - 157. What is y(2)?
5
Let x(s) = s + 3. Calculate x(11).
14
Let w(g) = -98*g - 14051. Determine w(-143).
-37
Let j(a) = a**2 - 16*a - 839. Give j(-22).
-3
Let z(a) = -a**2 - 28*a - 190. What is z(-11)?
-3
Let p(h) = -24*h + 442. Determine p(16).
58
Let t(v) = -10*v - 48. Give t(-9).
42
Let i(w) = -w**2 - 26*w - 167. Determine i(-25).
-142
Let l(w) = 215*w + 571. Determine l(-3).
-74
Let m(k) = -k**3 - 6*k**2 - 23*k - 74. What is m(-4)?
-14
Let a(k) = 8*k**3 - k**2 + 5*k - 11. What is a(2)?
59
Let v(g) = g**3 - 50*g**2 - 157*g - 125. Give v(53).
-19
Let v(l) = 3*l - 16. Calculate v(0).
-16
Let z(p) = 10*p**3 - 5*p**2 + 8*p - 7. Determine z(3).
242
Let r(k) = 307*k - 645. What is r(2)?
-31
Let c(n) = -11*n**2 - 36*n - 8. Determine c(-3).
1
Let h(f) = -f**2 + 110*f - 2196. Give h(84).
-12
Let u(o) = -o**3 - o**2 + 75*o + 19. Determine u(-9).
-8
Let d(s) = 106*s - 236. Calculate d(6).
400
Let j(q) = -166*q + 3653. What is j(22)?
1
Let m(v) = -156*v + 5309. Determine m(34).
5
Let y(r) = r**3 + 55*r**2 - 399*r + 205. Calculate y(6).
7
Let i(t) = 1133*t + 65732. What is i(-58)?
18
Let b(n) = -2*n**3 + 30*n**2 + 40*n - 134. Calculate b(16).
-6
Let u(b) = 235*b - 3066. Determine u(13).
-11
Let r(p) = 59*p + 975. What is r(-19)?
-146
Let f(m) = 2*m**2 + 190*m + 1780. Give f(-85).
80
Let y(z) = 40*z**2 + 958*z - 33. Determine y(-24).
15
Let r(t) = -t**3 + 8*t**2 - 10*t - 20. What is r(6)?
-8
Let a(t) = -8*t + 190. Give a(13).
86
Let z(a) = -8*a**2 + 13*a + 5. Determine z(0).
5
Let l(n) = 18*n**3 + 5*n**2 - 29*n + 31. What is l(3)?
475
Let a(o) = -o**2 + 31*o - 118. Give a(26).
12
Let a(p) = p**3 + 7*p**2 - 108*p - 795. What is a(-10)?
-15
Let p(a) = -10*a - 127. Determine p(-8).
-47
Let w(a) = -206*a - 1446. Give w(-7).
-4
Let g(c) = 20*c**3 + 143*c**2 + 27*c + 22. What is g(-7)?
-20
Let s(u) = u**2 - 35*u - 329. Give s(43).
15
Let q(k) = -3*k**2 - 161*k + 4517. Give q(-74).
3
Let j(h) = -72*h - 1313. Give j(-18).
-17
Let p(u) = -4*u**3 + 71*u**2 + 13*u - 30. Determine p(18).
-120
Let b(v) = -23*v**3 + 3*v**2 - 308*v - 310. Give b(-1).
24
Let u(d) = -16*d + 181. Calculate u(14).
-43
Let z(r) = 68*r + 3394. Calculate z(-50).
-6
Let u(i) = 14*i**2 + 4*i - 14. What is u(6)?
514
Let w(l) = -6*l**2 - 408*l - 4040. What is w(-56)?
-8
Let z(v) = 17*v**2 - 1443*v + 1256. What is z(84)?
-4
Let o(b) = -64*b + 28. Calculate o(3).
-164
Let v(w) = 4*w**3 + 4*w**2 - 830*w - 1658. Give v(-2).
-14
Let v(t) = 82*t**2 + 14*t + 12. Calculate v(-1).
80
Let t(d) = -3*d**3 + 8*d**2 + 341*d - 56. Calculate t(12).
4
Let j(r) = 4*r**2 + r + 8. Calculate j(-8).
256
Let s(g) = 967*g + 14499. Calculate s(-15).
-6
Let v(f) = 2*f**2 + 48*f + 246. Give v(-16).
-10
Let b(v) = 929*v - 11143. Calculate b(12).
5
Let c(t) = 153*t + 194. What is c(-1)?
41
Let t(s) = s**3 + 75*s**2 + 148*s + 176. Give t(-73).
30
Let r(x) = 67*x - 2131. What is r(34)?
147
Let v(t) = -t**3 - 8*t**2 - 45*t - 511. Give v(-9).
-25
Let q(y) = 2*y**2 + 64*y + 73. What is q(-30)?
-47
Let f(w) = 4*w**3 - 5*w**2 - 90*w + 4. Determine f(5).
-71
Let a(s) = 4*s**2 + 240*s - 4. What is a(-60)?
-4
Let t(w) = -10*w**2 - 168*w + 32. What is t(-15)?
302
Let g(k) = -100*k + 1434. Calculate g(13).
134
Let o(v) = 256*v + 3850. Calculate o(-15).
10
Let v(g) = -31*g - 560. What is v(-18)?
-2
Let c(d) = d**2 + 8212*d + 49235. Calculate c(-6).
-1
Let p(a) = 3*a**3 - 55*a**2 + 8*a + 325. Give p(18).
145
Let c(w) = -417*w - 2483. Calculate c(-6).
19
Let p(l) = 2*l**3 - 3*l**2 - 73*l - 129. What is p(-2)?
-11
Let w(x) = x**3 - 9*x**2 - 7*x + 161. Give w(7).
14
Let m(x) = 5*x**3 - 19*x - 134. Calculate m(-5).
-664
Let p(j) = -j**3 - 40*j**2 + 108*j - 904. Give p(-43).
-1
Let y(l) = l**3 + 76*l**2 + 81*l + 460. Calculate y(-75).
10
Let b(f) = -f**3 - 3*f**2 + 1068*f + 5284. What is b(-5)?
-6
Let o(r) = -5*r**2 + 3*r + 29. What is o(-4)?
-63
Let f(u) = -u**2 + 24*u - 67. Calculate f(13).
76
Let z(n) = 55*n + 11088. Give z(-202).
-22
Let t(j) = 2*j**2 + 34*j - 35. Calculate t(-11).
-167
Let o(c) = 2*c**3 + 6*c**2 - 38*c - 194. Give o(-4).
-74
Let h(w) = -9*w**2 + 123*w - 3. What is h(14)?
-45
Let g(w) = -42*w - 237. Give g(-11).
225
Let b(q) = -49*q + 331. Determine b(6).
37
Let x(n) = 84*n + 305. What is x(-3)?
53
Let p(g) = -5136*g + 5145. Calculate p(1).
9
Let u(q) = -3*q**3 + 7*q**2 - 10*q - 72. Determine u(-4).
272
Let x(l) = 23*l**2 - 713*l + 8. Determine x(31).
8
Let p(i) = -269*i - 77204. Determine p(-287).
-1
Let t(h) = 2*h**2 + 7*h + 45. Give t(-5).
60
Let x(r) = 5*r**2 + 225*r + 18. Give x(-45).
18
Let x(j) = -13*j**2 - 823*j + 172. Determine x(-64).
-404
Let m(b) = 2*b**2 - 88*b - 241. Determine m(46).
-57
Let q(h) = -h**3 - 66*h**2 - 67*h - 79. Calculate q(-65).
51
Let o(b) = -2*b**2 - 112*b + 156. Give o(-57).
42
Let o(v) = v**2 - 6114*v + 152219. What is o(25)?
-6
Let g(i) = -35*i - 1115. Give g(-32).
5
Let s(i) = -33*i - 160. Give s(-6).
38
Let c(l) = -144*l + 439. Calculate c(3).
7
Let a(w) = w**3 + 20*w**2 - 46*w - 91. Determine a(-22).
-47
Let a(y) = y**3 - 26*y**2 + 26*y - 26. Determine a(25).
-1
Let p(v) = 2*v**3 - v**2 - v. What is p(1)?
0
Let h(p) = -4*p**2 - 79*p + 85. What is h(-21)?
-20
Let i(l) = 8*l**2 + 31*l - 57. Calculate i(2).
37
Let a(k) = 7*k**2 - 129*k - 453. Determine a(-3).
-3
Let h(p) = -67*p - 1210. What is h(-10)?
-540
Let g(r) = -7*r + 377. What is g(-13)?
468
Let w(s) = 4*s**2 + 48*s + 23. Determine w(-11).
-21
Let a(x) = -4*x**2 - 102*x - 548. Calculate a(-18).
-8
Let l(f) = 2*f**3 - 90*f**2 + 274*f - 916. Give l(42).
8
Let t(d) = -d**3 + 8*d**2 - 26*d + 34. Give t(9).
-281
Let d(j) = -j**2 - 28*j + 769. Determine d(17).
4
Let r(x) = 3*x**3 - 19*x**2 + 18*x. What is r(1)?
2
Let i(a) = a**3 - 7*a**2 + 19*a - 3. What is i(6)?
75
Let k(n) = 5*n**3 + n**2 - 12*n + 20. Calculate k(2).
40
Let v(b) = -b**3 + 13*b**2 - 11*b + 36. Give v(12).
48
Let b(j) = -9*j**3 + 441*j**2 - j + 47. Calculate b(49).
-2
Let c(d) = 102*d - 470. Calculate c(5).
40
Let n(w) = 8*w**3 - 7*w**2 + 9*w - 13. What is n(4)?
423
Let z(m) = m**3 - 105*m**2 + 1494*m + 182. What is z(88)?
6
Let g(u) = u**2 - 20*u + 42. Determine g(11).
-57
Let z(y) = y**3 - 5*y**2 - 11*y + 48. Determine z(6).
18
Let m(i) = -32*i - 1601. What is m(-49)?
-33
Let r(h) = -h**3 - 10*h**2 - 10*h + 78. Calculate r(-9).
87
Let u(r) = -25*r + 459. Determine u(16).
59
Let q(i) = 7*i - 184. Give q(24).
-16
Let x(f) = -2*f**2 - 45*f - 111. Calculate x(-18).
51
Let n(f) = 9*f**3 + 6*f**2 + 5*f. Determine n(-1).
-8
Let x(o) = -11*o + 9. What is x(22)?
-233
Let m(n) = n - 109. Calculate m(-29).
-138
Let u(x) = 3*x**3 + 46*x**2 + 9*x + 58. Give u(-15).
148
Let y(z) = z**2 + 16*z - 7. Determine y(-9).
-70
Let f(w) = -4*w**2 + 55*w - 153. Determine f(10).
-3
Let p(d) = d**3 + 66*d**2 + 190*d + 281. Calculate p(-63).
218
Let j(t) = 3*t**3 - 130*t**2 + 46*t - 122. Calculate j(43).
7
Let a(t) = 2*t**2 + 241*t + 114. Give a(-120).
-6
Let l(i) = -i**3 - i**2 - i - 318. Calculate l(0).
-318
Let y(v) = -v**3 - 3*v**2 + 6*v - 73. What is y(0)?
-73
Let t(z) = 34*z**3 + 4*z**2 + 64*z + 60. Calculate t(-1).
-34
Let o(n) = 2*n**3 + 9*n**2 + 13*n + 20. Determine o(-3).
8
Let m(i) = 119*i + 839. Determine m(-7).
6
Let q(g) = -5*g**2 + 77*g + 12. Determine q(14).
110
Let l(t) = 1735*t - 5199. Determine l(3).
6
Let g(q) = -2*q**3 + 39*q**2 - 75*q + 6. Give g(2).
-4
Let t(g) = -2*g**3 - 43*g**2 + 77*g + 24. Calculate t(-23).
-160
Let i(t) = 80*t + 415. What is i(-5)?
15
Let u(h) = h**3 - 30*h**2 - 67*h + 48. Calculate u(32).
-48
Let l(z) = 5*z**2 - 646*z - 1296. Give l(-2).
16
Let m(a) = -284*a + 5373. Give m(19).
-23
Let g(j) = 22*j - 563. What is g(26)?
9
Let y(b) = -b**3 + 5*b**2 + 24*b + 50. Give y(-5).
180
Let d(r) = -r - 16. Determine d(8).
-24
Let t(d) = -23*d - 53. Give t(-8).
131
Let k(n) = -312*n + 2511. Calculate k(8).
15
Let q(h) = -2*h**3 + 28*h**2 + 8*h + 99. What is q(15)?
-231
Let t(h) = 262*h - 1582. Determine t(6).
-10
Let x(c) = 573*c + 614. Give x(-1).
41
Let l(t) 